).
-8
Let a(s) be the first derivative of -s**3/3 - 4*s**2 - 5*s + 34. Calculate a(-8).
-5
Let i(c) = -c + 12*c**2 + 2*c**3 + 5*c - 7*c**2 - 3*c**3. Determine i(6).
-12
Let a = 0 + 7. Let q = 3 - a. Let i(k) = k**2 + 5*k + 6. Calculate i(q).
2
Let h be 4 + (0 + 3)*-3. Let z(f) = f**3 + 6*f**2 + 5*f - 2. Determine z(h).
-2
Let b(s) = -s**3 + 4*s**2 + s - 2. Suppose 10 = 2*i - 0*c + c, 0 = i + 5*c - 14. Suppose 0 = i*g - 19 + 3. Calculate b(g).
2
Let g(r) = -r**3 + 3*r**2 + 2*r + 5. Suppose 0*v + v - 4 = 0. Let z be 6 - 0 - 8/v. Suppose -5*b + 6*b = z. What is g(b)?
-3
Let h(o) = -4*o - 7. Let j(p) = 3*p + 5. Let m(g) = 5*h(g) + 7*j(g). Suppose 3*b + k = 2*k + 18, 3*k - 44 = -5*b. Suppose -3*t = -b*t - 12. Give m(t).
-3
Let n(m) = -m**3 + 5*m**2 - 4. Suppose -3 = -3*t - 5*x - 7, x = -5*t + 8. Suppose -t*g + 5 = -g. Suppose -2*d + g*d - 15 = 0. Give n(d).
-4
Let m be 5*3/5 - -2. Let o(r) = -r**3 - r**2 - 10*r + 4. Let c(h) = h**3 + 9*h - 4. Let y(u) = 6*c(u) + 5*o(u). Determine y(m).
16
Let b(r) = -8. Let j(q) = -q + 40. Let z(f) = -11*b(f) - 2*j(f). Suppose -4*o - o - 3 = -2*p, -o = 3. Determine z(p).
-4
Let v(c) = -c**2 + 6*c - 4 + 3*c**2 - c**2. Suppose 2*m = 4*d - 0*m + 22, -3*m - 12 = 3*d. What is v(d)?
-9
Let x(d) = -d**3 + 2*d**2 - d + 4. Suppose -2*r + 15 = 3*r. Determine x(r).
-8
Let g be 0/((5 + -4)/(-1)). Suppose 2 = -2*c - 2*t + 4, -6 = -4*c - 3*t. Let z(j) = c*j - 5*j + g*j**2 + 7*j + j**2. Determine z(-3).
-6
Suppose -2*z - n + 0*n - 6 = 0, 2*z = 5*n + 6. Let q be (3*(-4 - z))/2. Let k(h) = -3*h - 2. Let p(b) = 7*b + 4. Let u(m) = -10*k(m) - 4*p(m). Determine u(q).
-2
Let t(m) = -m**2 - 5*m + 2 + 2*m**2 - 2*m. Suppose 8*n - 7*n = 0. Suppose 7*x - x - 24 = n. Calculate t(x).
-10
Suppose -4*v - 2*b - 1 + 9 = 0, 0 = v + 3*b - 2. Suppose 0 = -v*c + c + 1. Let o(f) = -15*f + 9. Let u(w) = w - 1. Let g(t) = -o(t) - 9*u(t). Calculate g(c).
6
Let i(z) = -2*z - z**2 + z**2 + 2*z**2 - 2. Let v be (-5 + 6)/(2/4). Determine i(v).
2
Suppose -16 = -2*x - 4. Suppose -x = 5*w - 6*w. Let s(q) = q**3 - 6*q**2 + 6. What is s(w)?
6
Suppose 4*c - 4 = -36. Let q(k) = -k**3 - 8*k**2 - k - 11. Let r be q(c). Let h(z) = 0*z - 4 - 8*z + 3*z. What is h(r)?
11
Let b be 1/(-3) - 10/(-3). Let n(q) = -5*q + b*q + 0 - 3 - 5*q. Give n(-2).
11
Let d(t) = t**3 + t**2 + t - 10. Let r be ((-6)/(1/(-1)))/(-1). Suppose -3*s - s = 8. Let o be 4/r + s/(-3). What is d(o)?
-10
Let j(n) = -n - 10. Let v = -4 - -17. Let d be (-3)/2*12*1. Let s = v + d. Determine j(s).
-5
Let i(u) = 4*u - 2*u - 2*u + u - 4*u**2 + 1. Determine i(2).
-13
Let w(a) = -a**3 - 5*a**2 - 4*a - 6. Suppose -3*j - 32 = -20. What is w(j)?
-6
Let y(r) = -16*r**2 + 7*r + 10. Suppose 4*l + 40 = 12. Let v(n) = 11*n**2 - 5*n - 7. Let p(f) = l*v(f) - 5*y(f). Calculate p(-1).
2
Let g(z) = -z + 19. Let i(u) = -2*u + 39. Let o(n) = -13*g(n) + 6*i(n). Give o(0).
-13
Let q(w) = 6 + 8*w**2 - w**2 + w**2 + 7*w - 7*w**2. Give q(-7).
6
Let s(p) = 3*p - p**3 + 3*p**2 - 3 + 0 + 0. Let j = -8 + 12. Give s(j).
-7
Suppose 4*l + 8 = -8. Let o(t) = -6*t + 1. Let p(h) = h. Let m(a) = -o(a) - 5*p(a). What is m(l)?
-5
Let r be (0 - -14)*6/7. Let h be 8/r - (-4)/(-6). Let t(m) = 4*m**2 + h*m**3 + m**3 - 4*m + 2*m - 5. Calculate t(-4).
3
Let x(m) = 5*m - 5*m + 2*m + 3 + 0*m + m**3. What is x(-2)?
-9
Let i(x) = x**2 - 4*x - 8. Let l be i(6). Let b(c) = 2*c**2 - 9*c + 6. Let q be b(l). Let r(s) = 4*s - 3. What is r(q)?
5
Let t(o) = o**2 + 5*o. Let c be -2 - (-9)/3 - 3. Let z be (-1)/c*(-10)/1. Calculate t(z).
0
Suppose x - 5*c = 4*x - 32, 0 = 5*x - 5*c. Let j(r) = 2 - r - 2*r + 0*r + x*r. Give j(6).
8
Suppose -3*n = -7*n + i + 6, 0 = -4*i - 8. Suppose -5*d - n = -3*w + 17, 4*w - 24 = 4*d. Let p(v) = 2*v - 3. What is p(w)?
9
Let l(n) = n**3 + 5*n**2 + 4*n + 3. Let w be (-4)/((2 + 0)*-1). Suppose 4*u - w*g + 10 = 0, -3*u - g + 5 = 15. Calculate l(u).
9
Let q(p) = -p**3 - 6*p**2 + 2*p + 2. Suppose -3*k + 2*y = 28, -5 = -5*y + 20. What is q(k)?
-10
Let f be (-8)/(-10) + 8 + (-345)/25. Let g(x) = -2*x - 4. Give g(f).
6
Let s(l) be the first derivative of 1 + 0*l + l**3 - 1/120*l**5 + 0*l**2 + 0*l**4. Let f(c) be the third derivative of s(c). Give f(5).
-5
Let r(u) = -u**3 + 5*u**2 - u + 7. Let y be r(5). Suppose -4*g + y = -3*g. Let n(f) = g + 2*f + 2*f - 3*f. Calculate n(-5).
-3
Let n(f) = -f**3 + 10*f**2 - 8*f - 9. Let t be n(9). Let i(y) = y**2 + 2. What is i(t)?
2
Let n(b) = -10*b - 5. Suppose -2*j + 16 = -j - 4*u, 0 = j + 5*u + 29. Let c(v) = -5*v - 3. Let t(k) = j*n(k) + 7*c(k). What is t(1)?
4
Let o(y) = 5*y - 1. Let s(f) = f. Let i(n) = -2*o(n) + 18*s(n). Determine i(2).
18
Let t be (1 + 0)/((-3)/9). Let o = 6 + t. Let x(l) = 2*l**3 - 15*l**2 - 1. Let h(p) = p**3 - 8*p**2 - 1. Let i(y) = 7*h(y) - 4*x(y). What is i(o)?
6
Let h(q) = q**2 - 3*q + 1. Suppose m - 10 = -2*k, -3 = k - 2*m + 2. Let c be h(k). Let g(z) = -5*z - c + 0*z + 2*z - 5*z. What is g(-1)?
7
Let v(a) = 7 + a**3 + 10*a**2 + 2 - 2*a**3 - 2 - a. What is v(10)?
-3
Let u(w) = w**2 - 26*w**3 + 3 + 21*w**3 - 4. Calculate u(-1).
5
Suppose 29 = 3*o + 5*n, o = n - 0*n - 1. Let w(k) be the third derivative of -k**5/60 + k**3/3 + 9*k**2. What is w(o)?
-7
Let n(s) = -7*s - 3*s**2 + 4*s**2 - 5 + 14 - 2. Let w = 11 - 6. Calculate n(w).
-3
Let y(p) = -6*p + 5. Let o be y(2). Let g(c) = 2*c + 2. Determine g(o).
-12
Let o(m) = -2*m - 3. Let n = -50 - -34. Let q be n/4*(2 - 1). Give o(q).
5
Suppose u = 4*w - 5, -3*w - 3*u - 1 = -w. Let z(n) be the first derivative of n**2/2 - 2. Let h(x) = x + 1. Let c(o) = w*z(o) - 2*h(o). What is c(-4)?
2
Suppose 1 = 2*y - 3. Let p(m) be the second derivative of 0 + m + 4/3*m**3 + 7/2*m**y + 1/12*m**4. Calculate p(-5).
-8
Suppose -m = 4*b - 13, -4*m = 4*b - 7*m + 7. Let g be ((-4)/5)/(6/(-15)). Let n(q) = 4*q**g + 5 - 6*q**b - 4*q**2 + q - q**3. Calculate n(-6).
-1
Suppose 0 = -4*a + 18 + 2. Suppose -a*w - 7 = -2*w + q, 0 = 4*w + 3*q + 16. Let r(c) = 5*c**2 + 1. Determine r(w).
6
Let a(i) = 85 - 156 + 2*i + 85. Determine a(-11).
-8
Let k(y) = y**2 - y - 1. Suppose -16*f + 12*f = -16. Give k(f).
11
Let h(d) = -d - 4. Let i be -8*(15/(-6) - -2). Let x(f) = -f - 4. Let m(a) = i*h(a) - 6*x(a). What is m(-7)?
-6
Let p(o) = 2*o + 1. Suppose 0 = 2*q + 2*q. Suppose 3 = -2*s + 23. Suppose q = 2*g + 3*g + s. Give p(g).
-3
Let k(t) = 2*t - t + 3 - 4*t. Let r = 8 - 14. Let p = r - -8. Give k(p).
-3
Let z = -190 + 184. Let g(c) be the first derivative of c**2/2 + 5*c - 1. Calculate g(z).
-1
Let c(m) be the second derivative of -m**4/12 + 2*m**3/3 - 3*m**2/2 - 10*m. Suppose 8 = -2*q + 6*q. Let h be c(q). Let l(v) = -6*v**2 + v - 1. What is l(h)?
-6
Let r(f) be the third derivative of 1/8*f**4 + f**2 + 0 - 1/6*f**3 + 0*f. Let h be 2*14/(-20) - (-6)/15. Calculate r(h).
-4
Let u(x) = 19 - x**2 - 9 - 6. Determine u(0).
4
Let k(m) be the first derivative of m**4/4 - m**2/2 + 11*m - 76. Give k(0).
11
Let y(c) = -c**3 - c**2 + c + 1. Let f(k) = 6*k**2 + 8*k + 10. Let j(x) = f(x) - y(x). What is j(-6)?
3
Let b(v) = v - 2. Suppose 31*o - 18 = 28*o. Give b(o).
4
Suppose -b = -3*b. Suppose b*g + 2*g = 10, 3*l + 4*g - 38 = 0. Let m = l + -11. Let w(p) = p**3 + 5*p**2 + p + 3. Determine w(m).
-2
Suppose 0 = -f + 2*y - 5, 0 = 4*f + y + 4 + 7. Let k(r) = -7*r + 5. Let n(x) = -x + 1. Let a(w) = -k(w) + 6*n(w). Calculate a(f).
-2
Let u(k) = -k**3 - 3*k**2 + 2*k + 2. Suppose 10*w + w + 33 = 0. Determine u(w).
-4
Let r(t) = t**2 + 4*t - 4. Let o(z) = z - 20. Let y = -11 + 27. Let b be o(y). Determine r(b).
-4
Let c(m) = 4*m + 4. Let j(o) = -5*o - 3. Let b(v) = -4*c(v) - 5*j(v). Give b(3).
26
Let y(x) be the second derivative of -x**4/2 + x**3/3 + x**2/2 - 19*x. Give y(-1).
-7
Let q(d) be the second derivative of -d**4/12 - 2*d**3/3 - d**2 + 8*d. Let l = 2 - 5. Calculate q(l).
1
Let z(q) be the first derivative of -5*q**4/4 + q**2/2 - 12. Determine z(1).
-4
Let o(v) = -2 - v**2 + 0 - 4*v**3 + v + 3*v**3. Let w(k) = -2*k**3 - k**2 - 3 + 3 + 1. Let r be w(1). Give o(r).
0
Let q(g) = 3*g**2 + 3*g + 1. Let y(z) = z - 2. Let b be y(0). Let i be (-1 + 1)*(-2)/(-4). Let t = i + b. Give q(t).
7
Let a(w) be the first derivative of w**3/3 + 7*w**2/2 - 9*w - 14. What is a(-7)?
-9
Suppose -23 - 1 = -m. Suppose 0 = g + 2, g - 5*g - m = 4*r. Let w(i) = i**2 + 3*i - 3. What is w(r)?
1
Let g = 